30 and l?
30
Let u(l) = -l**3 - 8*l**2 - 13*l - 9. Let v be u(-9). Suppose 288*o = 279*o + 243. Calculate the greatest common factor of o and v.
27
Suppose -8 = u - 5*u. Suppose 0 = -3*w - 2*s - s + 36, -4*w - u*s = -56. Calculate the greatest common divisor of 24 and w.
8
Suppose 0 = 4*o + 20 - 56. Let t = o - 4. Suppose t*n + 3*a - 23 = 0, 3*n + 0*n - a - 11 = 0. What is the greatest common divisor of n and 36?
4
Let i be 2 + (-32)/14 - 19/7. Let j be ((-4)/((-4)/(-35)))/(i/12). Calculate the greatest common divisor of j and 20.
20
Let v be ((-9)/((-18)/28))/2. Let x(b) = b. Let y be x(v). What is the greatest common divisor of y and 56?
7
Suppose -3*v + 15 = -0*v, -v + 25 = -4*z. Let y(w) = w**3 + 5*w**2 - 4*w + 4. Let r be y(z). What is the highest common factor of r and 6?
6
Let l(b) = -b**3 - 22*b**2 - 42*b + 80. Let t be l(-20). Calculate the highest common divisor of 456 and t.
24
Suppose 5*n = -5*q + 9*n + 104, -2*n = 3*q - 80. What is the highest common divisor of 108 and q?
12
Let v = -58 + 112. What is the greatest common divisor of 198 and v?
18
Let r be 288/30*270/12. What is the greatest common factor of r and 54?
54
Suppose -3*v + 95 = 29. Let i = 29 - v. What is the highest common divisor of 28 and i?
7
Let n = 20 + -18. Suppose n*o - 170 = -4*m, 2*m - 15 = 4*o + 65. Let v = m - 22. Calculate the greatest common factor of 180 and v.
20
Let y = -69 - -85. Let m be ((2275/(-28))/13)/((-2)/y). Calculate the greatest common factor of m and 20.
10
Let x(n) be the first derivative of n**2/2 + 3*n - 1. Let y be x(12). Calculate the greatest common factor of y and 90.
15
Let g(v) = 5*v - 6. Let i be g(4). Let r(k) = -3*k - 11. Let p be r(-5). Let z be ((-2)/p)/((-223)/(-56) - 4). What is the greatest common factor of i and z?
14
Suppose -47*j + 10360 = -10*j. What is the greatest common factor of j and 16?
8
Suppose -10*n = -5056 + 3756. Calculate the greatest common divisor of n and 1430.
130
Suppose 3*k + 108 = 24. Let l = -22 - k. What is the greatest common divisor of 30 and l?
6
Let p(o) = -o**2 - 7*o - 2. Let i be p(-3). Suppose -i = 2*z - 4*z. Let v be (2 + (-65)/20)*-28. Calculate the greatest common factor of v and z.
5
Let r(o) = 9*o - 28. Let i(m) = 10*m - 27. Let f(j) = -6*i(j) + 7*r(j). Let a be f(12). Let n be (-22)/(-4)*8/2. What is the greatest common factor of a and n?
2
Suppose -2*q = q - 9. Suppose -4*b + 32 = 5*w, -2*w + q = -2*b + 1. Calculate the highest common divisor of 4 and w.
4
Suppose -8*v - 42 - 38 = 0. Let w be (-383 - 1)*v/20. What is the highest common divisor of 12 and w?
12
Let t(i) = 8*i**2 - 5*i - 2. Let m be t(-4). Suppose 3*h - m = 667. Let f = -183 + h. What is the highest common divisor of f and 8?
8
Let y = 61 - 96. Let z = y + 74. Calculate the highest common divisor of 39 and z.
39
Let a(r) = 3*r - 4 + 5*r**2 + r - 3*r. Let m be a(3). What is the highest common factor of m and 66?
22
Let u(g) = 2*g**2 + 4. Let z be u(5). Let b = 60 + -57. Suppose b*k - 8 - 4 = 0, -5*m = -k - 26. What is the greatest common factor of z and m?
6
Suppose 2*u - 5*l = 779, 3*u - 4*l - 4 = 1147. What is the greatest common divisor of u and 29?
29
Suppose -58*l - 7706 = -99056. What is the highest common factor of l and 25?
25
Let y(i) = 4*i**3 - 2*i**2 + 7*i - 3. Let a be y(3). Calculate the highest common factor of 234 and a.
18
Let i = 3 - -13. Let t(w) = -w - i + 7 + 7. Let s be t(-7). What is the greatest common divisor of s and 2?
1
Suppose 2*z = 6*z - 144. Suppose 6 - 1 = -5*m. Let p be 9/(0 + 3) - m. What is the greatest common factor of z and p?
4
Suppose -114 = -2*g - b + 31, 5*b - 25 = 0. Calculate the greatest common factor of g and 20.
10
Suppose -5*a + i + 5 = 0, -3*i - 1 = a - 2*a. Let f = -76 - -80. What is the highest common divisor of a and f?
1
Let u(h) = h**3 - 7*h**2 - h + 14. Let i be u(7). Calculate the highest common factor of 7 and i.
7
Suppose -w + 28 = 5*c - 180, 0 = 5*c - 2*w - 199. Calculate the highest common divisor of 1 and c.
1
Let l = -825 + 842. Calculate the highest common divisor of 1547 and l.
17
Suppose -4*q - 5*w + 49 = -2*q, 59 = 4*q - 3*w. Suppose -j - 4*g - 12 = -85, 5*j - 434 = 3*g. Calculate the greatest common divisor of q and j.
17
Suppose -u + 340 = -6*u. Let y = 74 + u. Calculate the highest common divisor of y and 30.
6
Suppose -121*z + 106*z + 6105 = 0. Calculate the highest common factor of z and 22.
11
Let h be (18 - 19)/((-14)/(-8) - 2). Suppose j - h*j = -150. Calculate the highest common factor of 10 and j.
10
Suppose 83 = -4*w - 185. Let a = -43 - w. Calculate the highest common divisor of 6 and a.
6
Let g = 120 - 83. Calculate the highest common divisor of g and 333.
37
Let n be ((-780)/(-35) - 0) + (-10)/35. What is the greatest common divisor of 110 and n?
22
Let d(y) = -13*y**3 + 3*y**2 + 2*y - 1. Let a be d(-2). Suppose a = h + h - 3*i, -2*i = 6. Calculate the highest common divisor of 34 and h.
17
Suppose -2*q = -5*q + 9. Suppose 0 = -3*l + 48 - q. Calculate the highest common factor of l and 6.
3
Let z = 12 - -2. Calculate the highest common factor of z and 98.
14
Let c = -7 + 1. Let g(d) = d**3 + 7*d**2 + 7*d + 9. Let m be g(c). Suppose -m*j + 62 = -127. Calculate the greatest common factor of j and 7.
7
Suppose 3*m - 3*p - 23 = 40, 5*m - 113 = -3*p. What is the highest common divisor of 33 and m?
11
Let m(g) = -27*g + 24*g + 52 + 8*g. Let c be m(-5). Calculate the greatest common divisor of 27 and c.
27
Suppose f - 7*f + 36 = 0. Suppose y + f*y = 28. Calculate the highest common factor of y and 8.
4
Suppose 0 = -2*z - 4*b + 109 + 67, -4*b = 4. Suppose -z = 14*o - 17*o. Calculate the highest common factor of o and 6.
6
Suppose -33*s + 28*s = -180. Let j = -25 + 43. What is the highest common factor of s and j?
18
Let i be 2916/26 - (-240)/(-1560). What is the greatest common divisor of 144 and i?
16
Let w = -1392 - -1448. What is the greatest common divisor of w and 49?
7
Suppose 2*r + 2 = -6, 4*t - 2*r = 56. Let m = t + -6. Suppose 110 = m*z - z. Calculate the highest common divisor of z and 2.
2
Let h(r) = r**3 + 6*r**2 - 6*r + 6. Let n be h(-6). Suppose 149 - 19 = 5*d. Let p = 47 - d. What is the greatest common divisor of n and p?
21
Let c be 652/24 - 1/6. Let l = 63 - c. Suppose 2*t - v = 3, -5*t + 9 = -2*v - 1. What is the highest common divisor of t and l?
4
Let a be (-40)/(-4) - (-15 - 87). Calculate the highest common divisor of 182 and a.
14
Let a be 80 + 0 + (10 + -16)/2. Calculate the greatest common divisor of 693 and a.
77
Suppose -64*c = -63*c + 1477. Let s be 6/(-8) + -6 + c/(-28). Calculate the highest common divisor of s and 46.
46
Let t be (-6 - 9)*(-5)/3. Suppose 14*n - 16*n = -10. What is the greatest common factor of n and t?
5
Suppose 191 - 6 = 5*w. Let l = w - 17. What is the greatest common divisor of 100 and l?
20
Let r(x) = -x + 14. Let k(o) = 7*o**2 + 2*o + 3. Let q be k(-2). Let n be 1/3 + (-9)/q. Let v be r(n). What is the greatest common divisor of 21 and v?
7
Let p = -31 + 47. Let f be -3*5*p/(-4). What is the highest common divisor of 24 and f?
12
Let c = 64 - 25. What is the greatest common divisor of 91 and c?
13
Suppose 1 + 14 = 5*m. Let k = -316 - -337. What is the greatest common divisor of m and k?
3
Suppose 1 + 16 = 17*s. Let t(k) = -k**2 + 5*k - 1. Let m be t(4). What is the greatest common divisor of m and s?
1
Suppose -4 = -2*d - 2. Let g be 18/d + -1 + -18 + 19. Calculate the greatest common factor of g and 54.
18
Let t(r) = 5*r**2 + 52*r - 63. Let d(i) = 2*i**2 + 17*i - 21. Let n(w) = -8*d(w) + 3*t(w). Let z be n(18). Calculate the highest common divisor of 3 and z.
3
Let t = -443 - -464. Calculate the greatest common divisor of t and 33.
3
Let h(o) = -100*o + 108. Let p be h(-3). What is the greatest common divisor of 272 and p?
136
Let g be ((-15)/45)/(1/6). Let o be (-8)/(-1)*((-15)/g)/5. Suppose -2*k - 9 = -5*b, k + 3*k - 47 = -3*b. What is the greatest common factor of o and k?
4
Let m be 1863/21 + (-8)/(-28). What is the highest common factor of m and 712?
89
Suppose 5*y + 250 = 10*y. Let h(f) = f**3 + 10*f**2 + f + 10. Let g be h(-10). Suppose 4*v - v - 15 = g. Calculate the highest common divisor of y and v.
5
Suppose 9 = -3*x - a + 21, 0 = -5*x - 5*a + 30. Suppose -14*s = -14 - 14. What is the 